7/(-6))/((-15)/50) prime?
False
Is 1*((-2937)/(-5) - 6/15) prime?
True
Suppose -32 = -3*g + g + 2*a, -5*a + 19 = 4*g. Let t = g - -4. Is t a prime number?
False
Let o(u) = u**3 - 3*u**2 + 3. Let q be o(3). Suppose 0 = -q*v + 5*z + 193 - 28, -5*z + 55 = v. Is v prime?
False
Let p(c) = 36*c - 11. Is p(6) a composite number?
True
Let y(h) = 25*h**2 - h + 1. Suppose -4*v = -5*v + 3. Is y(v) a composite number?
False
Suppose -5*n - 3096 = -616. Is n/(-10) - 21/35 a composite number?
True
Is ((-2157)/(-12))/(68/16 + -4) composite?
False
Suppose z = 3*j - 383 - 582, 2*j = -4*z + 662. Is j composite?
True
Suppose 152*i = 151*i - 8. Let v(b) be the second derivative of b**5/20 + 3*b**4/4 + 7*b**3/6 + 11*b**2/2 + b. Is v(i) prime?
True
Let h(n) = -n**3 + 4*n**2 + 3*n. Let p be h(4). Let x = -8 + p. Suppose 0 = -9*q + x*q - 2*j + 117, -j - 91 = -4*q. Is q a composite number?
False
Let c(v) = -v**3 + 28*v**2 + 33*v + 29. Is c(29) prime?
False
Let u = 1592 - 891. Is u a prime number?
True
Let f(z) = -z**2 - 2*z + 191. Is f(0) composite?
False
Let z(u) = u**2 + 6*u + 7. Let d be z(-6). Let x(c) = 12*c + 1. Is x(d) a prime number?
False
Let h = 3 - -34. Is h prime?
True
Let s(j) = -j**3 - 4*j**2 + j + 5. Let t be s(-4). Let n = 3 - t. Is n a prime number?
True
Suppose 0 = 2*y - 0*y + c + 2, 5*c = -5*y - 15. Is 1*((-273)/y)/(-3) a prime number?
False
Let l be (-342)/15*10/(-3). Suppose 0*p = 3*p + j + 226, l = -p - j. Is (-2 + 4)/((-6)/p) a prime number?
False
Let f = 1431 - 776. Is f a composite number?
True
Let q = 10 - 5. Let u(i) = -i**3 - 4*i**2 - 4*i. Let r be u(-3). Suppose -f + q*c = -r, 4*f - c = 34 + 16. Is f a composite number?
False
Is (-6)/(-9) + 6759/27 composite?
False
Is (2 + -1)*-166*6/(-4) a prime number?
False
Let x(m) = 82*m + 5. Is x(3) a prime number?
True
Suppose 5*w = w + 16. Suppose -l + w*l = 0. Suppose a - 20 - 124 = m, l = 3*m - 15. Is a a prime number?
True
Let a(q) = 385*q**2 - 8*q + 7. Is a(2) a composite number?
False
Let s = 2 + 27. Let z = s - 16. Is z a composite number?
False
Let v(w) = 646*w**3 + w**2 - w + 1. Is v(1) a prime number?
True
Let h be (1/(-2)*-2)/1. Suppose g = 3 - h. Is (38/4 - 0)*g a prime number?
True
Let i(o) be the third derivative of o**5/60 + o**4/12 - o**3/6 + 2*o**2. Let d be i(-2). Is -3 + (72/d)/(-1) a composite number?
True
Let h be (0 - (1 + -2))*-2. Let v = -18 - -26. Let o = h + v. Is o a composite number?
True
Suppose 5*m - 2 = 8. Suppose 0 = -t - 4*x + 249, -5*x + m*x = 6. Is t a prime number?
True
Let d(k) = 112*k - 5. Let o be d(4). Let j = o - 265. Suppose v + v - j = 0. Is v a composite number?
False
Let p be -3*(-2)/6*-123. Let k = p - -71. Let f = -31 - k. Is f prime?
False
Suppose -1393 = 5*u + 202. Let d(k) = -29*k**3 + k**2 + k + 2. Let s be d(2). Let o = s - u. Is o a prime number?
False
Let r = 443 + -242. Is r composite?
True
Let s = 284 + 23. Is s prime?
True
Let u(a) be the third derivative of a**6/120 + a**4/24 + 23*a**3/6 + 2*a**2. Suppose 5*i = 2*m + 9 + 1, 8 = 2*m + 4*i. Is u(m) a composite number?
False
Let q(v) = -8*v - 3. Let g(u) = -8*u - 3. Let a(m) = 4*g(m) - 3*q(m). Is a(-7) composite?
False
Suppose 982 = 5*c + 7. Suppose -c = 2*k - 5*k. Suppose -5*t + 360 = -k. Is t prime?
False
Let d(m) = -452*m + 3. Let o be d(-3). Is o/12 - 1/4 prime?
True
Let x be (-275)/22*876/(-2). Is x/27 - 8/(-36) a composite number?
True
Let w = 19 - -107. Let d = w - 57. Is d prime?
False
Suppose 0*b - b = 0. Let k = b - -22. Is k composite?
True
Suppose j = -4*v + 42, 3*j + 27 - 3 = 3*v. Is v a prime number?
False
Suppose -5*j + 37 = -2*c + 2, -15 = -2*j + c. Suppose 0 = -3*u + u + 3*b + 8, -j*u = b - 3. Is u/(1/(-22)*-2) a prime number?
True
Suppose -12 = -2*r + 3*r + x, r + 16 = -2*x. Let s = 77 - r. Is s prime?
False
Suppose 0 = -h - 0*h + 4*t + 15, -5*h - 9 = t. Is -1*h/((-3)/(-231)) composite?
True
Let i(b) = 2*b**2 - b - 6. Suppose 2*a + t = 2*t + 9, -5*t + 4 = -3*a. Is i(a) composite?
True
Suppose 11*m - 835 = 6*m. Is m prime?
True
Let y(a) be the first derivative of -5 - 6*a**2 - 1 + 2 - a. Is y(-2) a composite number?
False
Suppose 0 = i - 3*c - 0*c - 692, -3*c = -5*i + 3472. Is i prime?
False
Suppose 2*t = 3*t + o - 3810, -19049 = -5*t - 4*o. Is t composite?
True
Suppose -3*a = -3*x - 78, -4*x - 14 = -0*a - a. Let k(v) = 2*v**2 - 7*v + 7. Let f be k(7). Suppose 2*z - f - a = 0. Is z a composite number?
False
Is ((-58)/6)/(2/(-42)) composite?
True
Suppose 5*i - 2691 = -3*v - v, 0 = 3*i + 15. Is v prime?
False
Let g be 61 + (0 + 6)/3. Suppose 4*v + 125 = 3*u, 4*u - 2*v - g - 87 = 0. Suppose 3*n = -2*m + 70, -m - n + u = -4*n. Is m composite?
True
Let a(u) = u - 7. Let i be a(9). Suppose i*w = -3*p - 15, 0 = -6*p + p + 2*w - 41. Let h = 32 - p. Is h a composite number?
True
Let q(i) = -i**3 - 12*i**2 - 3*i - 10. Let g be q(-8). Let n = g - -405. Is n a composite number?
False
Let n(r) = 9*r + r**3 - 13*r**2 - 7 + 2*r + 2*r. Let z be n(12). Is (13/(-2))/(z/(-30)) composite?
True
Let g(w) = 75*w**3 + w + 9*w**2 - 6*w - 74*w**3. Is g(-7) prime?
False
Let m(s) = -s - 37. Let h be m(0). Let d = h - -196. Is (2/(6/d))/1 prime?
True
Let g(h) = 11*h**2 + 6*h + 9. Is g(-5) a prime number?
False
Let g(n) = -7*n + 5*n + 142*n**2 + 8 - 7. Is g(1) composite?
True
Is (-930)/(-15)*(-17)/(-2) prime?
False
Suppose 0 = 4*r + i - 15, -45 = -5*r + 7*i - 3*i. Suppose -4*q - 5*p - 229 = 0, -r*q - 3*p - p = 293. Let u = -35 - q. Is u a composite number?
True
Let r be 8/20 + 897/(-5). Let a = r - -390. Is a prime?
True
Let t(w) = -4*w + 10. Let z be t(11). Let b = 123 + z. Is b a prime number?
True
Is (-1482)/((-4)/2) - -4 a prime number?
False
Suppose 0 = -2*l + 6, -2*b - 3*b = -3*l - 1. Suppose b*u = 488 + 870. Is u a composite number?
True
Let v be ((-4)/(-8))/(2/8). Suppose -o = -v, 3*i = 2*o + o + 873. Is i prime?
True
Suppose 288 = 3*x + x. Let t = 5 + -2. Suppose x = -t*f + 231. Is f prime?
True
Let s(q) = 6*q**3 - q + 1. Suppose 0 = -4*r + 5 + 11. Let c be 6/r*2/3. Is s(c) composite?
True
Suppose -r - 5*k = -4*r + 5047, 0 = 3*r - 2*k - 5059. Is r a composite number?
True
Let w(o) = -2*o**2 + 1. Let l be w(-1). Let x be (-3 + l)/((-4)/22). Let m = 37 - x. Is m prime?
False
Let s be (2 - (-3)/(-2))*0. Suppose j + 3*j - 40 = s. Is j composite?
True
Let v(h) = 43*h**2 + 2 + 4*h - 7 - 15*h**2. Is v(2) a prime number?
False
Suppose 5*o - 10 - 12 = n, -4*o + 4*n = -24. Suppose 4*s + 19 = h - 3, s + 88 = o*h. Is h a composite number?
True
Let b = 225 + -80. Is b a prime number?
False
Suppose 3*i + 0*i = 12. Let b(a) = 10*a - 3. Let f be b(i). Suppose f - 11 = j. Is j a composite number?
True
Let w(g) = -23*g**2 + g + 2. Let t be w(-2). Let m = -43 - t. Is m a prime number?
False
Let s(v) = 43*v - 7. Is s(6) a composite number?
False
Let n = 103 - 30. Suppose 2*r + 3*r + 280 = 5*f, -3*r - 3*f = 144. Let l = n + r. Is l composite?
True
Suppose 3*u - 2*p - 4681 = 0, 4*p - 5*p = -5*u + 7797. Is u composite?
False
Suppose -260 = 3*u - 3*k - 968, 2*k = -5*u + 1208. Suppose 3*y = -2*y + u. Suppose -293 + y = -5*p. Is p prime?
False
Suppose -k + 20 = 5*z + 4*k, k = 4*z - 11. Let b be ((-198)/(-10))/(21/70). Is (b/z + -3)/1 composite?
False
Let f(m) = m**3 - 5*m**2 - 2*m + 10. Is f(6) prime?
False
Suppose 2*n - 2*h = 2325 + 3397, -3*n + h = -8583. Is n composite?
False
Is (4/(-12))/(2860/(-2859) + 1) a prime number?
True
Suppose 0 = -2*f + 5*r - 303, -r + 2*r + 5 = 0. Let i(k) = 296*k - 1. Let h be i(1). Let y = h + f. Is y a prime number?
True
Let h be ((-90)/8)/(1/4). Let q = h + 134. Is q prime?
True
Suppose -s = -5*s + 1184. Suppose 0 = -c + 5*c - s. Is c composite?
True
Suppose -i + 8 = -3*i. Let n(u) = 7*u**2 + 5*u + 7. Let m(h) = 8*h**2 + 5*h + 8. Let s(y) = -4*m(y) + 5*n(y). Is s(i) a prime number?
True
Let c(j) = -j**2 + 5*j + 8. Let w be c(6). Is 0 - (-78 - -1 - w) prime?
True
Let k = -5 + 24. Let d = k + 76. Is d a composite number?
True
Let y(t) = t**3 + 8*t**2 - 11*t - 11. Is y(-8) prime?
False
Suppose -554 = -0*g + 2*g. Let s = -174 - g. Is s a prime number?
True
Let a(x) = 37*x - 1. Let f be a(2). Let t = f + -2. Is t composite?
False
Let i = 0 + 19. Is i a prime number?
True
Let y(s) be the third derivative of 0*s - 5/6*s**3 + 1/120*s**6 + 0 - 1/6*s**4 - 1/30*s**5 - 2*s**2. Is y(4) a composite n